?
False
Is 46 a factor of 1425?
False
Is 29 a factor of 969?
False
Does 6 divide 259?
False
Does 23 divide 4945?
True
Is 38 a factor of 304?
True
Is 135 a factor of 17888?
False
Is 15 a factor of 33045?
True
Is 50 a factor of 17950?
True
Is 23 a multiple of 5?
False
Does 32 divide 224?
True
Does 96 divide 25739?
False
Is 34 a factor of 850?
True
Is 297 a multiple of 69?
False
Does 10 divide 1165?
False
Is 7 a factor of 7521?
False
Is 12198 a multiple of 26?
False
Does 7 divide 177?
False
Does 267 divide 3060?
False
Does 6 divide 98?
False
Does 5 divide 2809?
False
Is 30 a factor of 2940?
True
Is 21 a factor of 147?
True
Is 8 a factor of 5712?
True
Is 44 a factor of 1848?
True
Is 56231 a multiple of 29?
True
Is 212 a factor of 16960?
True
Does 66 divide 2112?
True
Is 10 a factor of 22590?
True
Is 4539 a multiple of 89?
True
Does 34 divide 170?
True
Is 3235 a multiple of 23?
False
Is 3719 a multiple of 31?
False
Is 27660 a multiple of 17?
False
Is 29 a factor of 16269?
True
Is 48199 a multiple of 6?
False
Is 54 a factor of 1106?
False
Does 26 divide 1215?
False
Is 3840 a multiple of 8?
True
Does 8 divide 735?
False
Does 187 divide 15861?
False
Does 37 divide 740?
True
Does 6 divide 9085?
False
Does 125 divide 13209?
False
Is 22 a factor of 1078?
True
Does 18 divide 3142?
False
Is 536 a multiple of 88?
False
Is 176 a multiple of 4?
True
Is 36 a factor of 93?
False
Is 1008 a multiple of 16?
True
Does 130 divide 20805?
False
Is 3280 a multiple of 40?
True
Does 133 divide 10527?
False
Is 505 a multiple of 2?
False
Is 5 a factor of 675?
True
Is 24124 a multiple of 9?
False
Does 11 divide 41965?
True
Is 29 a factor of 1310?
False
Is 689 a multiple of 24?
False
Is 22189 a multiple of 21?
False
Does 5 divide 860?
True
Is 1406 a multiple of 19?
True
Is 6 a factor of 354?
True
Does 39 divide 7303?
False
Is 100 a factor of 200?
True
Does 4 divide 2320?
True
Is 3 a factor of 275?
False
Is 6480 a multiple of 27?
True
Is 96 a multiple of 16?
True
Is 3542 a multiple of 22?
True
Does 28 divide 420?
True
Is 14163 a multiple of 5?
False
Is 39 a factor of 2061?
False
Is 21 a factor of 26610?
False
Does 4 divide 3412?
True
Is 184 a multiple of 11?
False
Is 1064 a multiple of 8?
True
Is 2934 a multiple of 9?
True
Is 1923 a multiple of 7?
False
Is 27286 a multiple of 172?
False
Is 11069 a multiple of 20?
False
Is 4 a factor of 11966?
False
Is 6 a factor of 1026?
True
Is 140 a factor of 13702?
False
Does 16 divide 80?
True
Is 114 a factor of 798?
True
Is 51 a factor of 12903?
True
Does 29 divide 1363?
True
Does 63 divide 2566?
False
Is 9354 a multiple of 20?
False
Is 1044 a multiple of 9?
True
Is 23141 a multiple of 73?
True
Does 20 divide 5880?
True
Is 50 a multiple of 5?
True
Does 23 divide 2254?
True
Is 54 a factor of 54?
True
Is 119562 a multiple of 162?
False
Does 40 divide 40?
True
Does 31 divide 6854?
False
Is 13 a factor of 8697?
True
Does 5 divide 55820?
True
Does 41 divide 70766?
True
Is 25 a factor of 34775?
True
Is 6084 a multiple of 13?
True
Is 224 a multiple of 16?
True
Is 336 a multiple of 6?
True
Is 2220 a multiple of 222?
True
Is 3144 even?
True
Is 11 a factor of 2277?
True
Does 43 divide 2107?
True
Does 41 divide 16759?
False
Is 15 a factor of 264?
False
Is 13 a factor of 19487?
True
Is 16 a factor of 3488?
True
Is 986 a multiple of 17?
True
Is 1860 a multiple of 10?
True
Does 10 divide 33510?
True
Does 14 divide 1602?
False
Is 615 a multiple of 15?
True
Does 66 divide 18636?
False
Is 5 a factor of 408?
False
Is 14498 a multiple of 22?
True
Is 6 a factor of 6465?
False
Is 3429 a multiple of 20?
False
Does 35 divide 215?
False
Is 3 a factor of 3180?
True
Does 97 divide 3201?
True
Is 3374 a multiple of 42?
False
Is 11 a factor of 772?
False
Is 36 a factor of 119612?
False
Is 83 a factor of 747?
True
Is 166 a multiple of 5?
False
Is 612 a multiple of 51?
True
Does 13 divide 16238?
False
Is 7 a factor of 20358?
False
Does 5 divide 177?
False
Is 1278 a multiple of 7?
False
Is 3565 a multiple of 106?
False
Is 29385 a multiple of 15?
True
Is 16 a factor of 1584?
True
Is 2346 a multiple of 51?
True
Is 47 a factor of 3995?
True
Is 44 a factor of 603?
False
Is 79 a factor of 3310?
False
Is 74 a factor of 927?
False
Is 11880 a multiple of 8?
True
Is 21 a factor of 36760?
False
Is 13801 a multiple of 38?
False
Is 130 a multiple of 3?
False
Is 40476 a multiple of 49?
False
Is 20520 a multiple of 15?
True
Is 774 a multiple of 25?
False
Does 23 divide 4347?
True
Is 11550 a multiple of 75?
True
Is 210 a factor of 39868?
False
Does 49 divide 81041?
False
Does 32 divide 8256?
True
Is 23 a factor of 3858?
False
Does 6 divide 1044?
True
Is 788 a multiple of 10?
False
Is 91 a factor of 1183?
True
Is 57358 a multiple of 241?
True
Does 12 divide 99?
False
Does 102 divide 6018?
True
Is 658 a multiple of 14?
True
Does 27 divide 46413?
True
Is 12 a factor of 8832?
True
Is 22 a factor of 5896?
True
Does 64 divide 11631?
False
Does 66 divide 83886?
True
Is 7 a factor of 1449?
True
Is 16 a factor of 32?
True
Does 9 divide 612?
True
Does 6 divide 3288?
True
Does 25 divide 825?
True
Does 49 divide 24990?
True
Is 29359 a multiple of 118?
False
Is 38082 a multiple of 132?
False
Does 78 divide 390?
True
Is 7917 a multiple of 10?
False
Does 51 divide 4386?
True
Does 13 divide 1690?
True
Is 14 a factor of 2954?
True
Is 3811 a multiple of 37?
True
Does 11 divide 2059?
False
Is 21 a factor of 1680?
True
Is 4851 a multiple of 11?
True
Does 90 divide 19710?
True
Is 32 a factor of 6176?
True
Does 31 divide 10633?
True
Is 230 a multiple of 11?
False
Is 4312 a multiple of 8?
True
Does 7 divide 615?
False
Is 9976 a multiple of 27?
False
Is 21 a factor of 142?
False
Does 113 divide 3503?
True
Does 7 divide 3703?
True
Is 5623 a multiple of 44?
False
Is 1828 a multiple of 23?
False
Is 164 a factor of 20987?
False
Is 63 a multiple of 3?
True
Does 62 divide 1922?
True
Does 9 divide 3843?
True
Is 991 a multiple of 6?
False
Is 11 a factor of 1089?
True
Is 726 a multiple of 33?
True
Is 14 a factor of 39088?
True
Does 37 divide 68453?
False
Is 8 a factor of 378?
False
Does 87 divide 661?
False
Is 4 a factor of 3516?
True
Is 177 a multiple of 5?
False
Is 279 a multiple of 7?
False
Is 568 a multiple of 8?
True
Is 336 a multiple of 24?
True
Is 14 a factor of 77571?
False
Is 1503 a multiple of 6?
False
Is 88 a factor of 4053?
False
Is 295 a multiple of 8?
False
Is 7 a factor of 12033?
True
Is 2233 a multiple of 18?
False
Is 1705 a multiple of 31?
True
Is 53 a factor of 10914?
False
Is 47 a factor of 23453?
True
Is 44 a factor of 1056?
True
Is 7 a factor of 420?
True
Is 5 a factor of 192?
False
Is 20 a factor of 8884?
False
Does 20 divide 26720?
True
Is 8760 a multiple of 24?
True
Is 57 a factor of 342?
True
Is 499 a multiple of 27?
False
Does 13 divide 118142?
False
Is 62261 a multiple of 34?
False
Does 5 divide 17?
False
Is 11210 a multiple of 10?
True
Is 23755 a multiple of 192?
False
Is 962 a multiple of 15?
False
Is 8 a factor of 42?
False
Is 11636 a multiple of 3?
False
Is 3521 a multiple of 7?
True
Does 80 divide 2761?
False
Is 9 a factor of 661?
False
Does 21 divide 10626?
True
Is 35 a factor of 48685?
True
Is 931 a multiple of 19?
True
Is 9 a factor of 5001?
False
Is 11142 a multiple of 5?
False
Does 112 divide 26387?
False
Is 39 a factor of 124254?
True
Does 182 divide 15391?
False
Does 8 divide 13?
False
Is 18 a factor of 2052?
True
Is 11610 a multiple of 10?
True
Does 12 divide 11372?
False
Does 56 divide 15854?
False
Is 2 a factor of 121?
False
Is 56910 a multiple of 210?
True
Does 40 divide 7240?
True
Is 2130 a multiple of 71?
True
Is 8 a factor of 936?
True
Does 23 divide 8027?
True
Is 50241 a multiple of 97?
False
Is 30 a factor of 210?
True
Is 4051 a multiple of 15?
False
Does 132 divide 19668?
True
Does 3 divide 331?
False
Is 32 a factor of 1134?
False
Is 7332 a multiple of 43?
False
Does 137 divide 7006?
False
Is 14 a factor of 2702?
True
Is 809 a multiple of 39?
False
Does 71 divide 1878?
False
Is 3282 a multiple of 9?
False
Is 3300 a multiple of 22?
True
Does 19 divide 4048?
False
Does 5 divide 75?
True
Is 29 a factor of 3393?
True
Is 4455 a multiple of 15?
True
Does 7 divide 127?
False
Is 40 a factor of 1173?
False
Is 1462 a multiple of 38?
False
Is 29 a factor of 29?
True
Is 2589